f = 237 - 200. Suppose i*v - 14 = f. What is the tens digit of v?
1
Let z(m) = -36*m + 5. What is the tens digit of z(-44)?
8
Let c = -39 + 43. What is the units digit of 113/4 + c/(-16)?
8
Suppose -5*m - 448 = -58. What is the units digit of m/(-4) - 1/(-2)?
0
Let l be (-14)/35 - (-12)/5. Suppose -5*r + 5 = g, -l*g = -4*g - 10. Suppose 5*h + 36 = t, -h + 5*h = r*t - 48. What is the units digit of t?
6
Suppose 3*b - 2*k = 5*b - 2, 5*k - 9 = -b. Let n(r) = r**2 - 8*r + 2. Let l be n(7). What is the tens digit of b*2 - (l - 18)?
2
Let a = -1 - -9. Let d(c) be the second derivative of c**4/12 - 2*c**3/3 - 13*c**2/2 - c - 54. What is the tens digit of d(a)?
1
Let q(n) = 7*n**3 + 2*n - 2. Let u be q(-3). Let v = -68 - u. What is the hundreds digit of v?
1
Suppose 4*w - 10 = -w. Suppose -r + 4*r = 2*g + 164, w*r - 121 = -g. What is the units digit of 4/(-18) + r/18?
3
Let w(d) = d**2 - 9*d + 9. Let m(z) = -z**2 + 18*z + 10. Let o be m(18). Let c be w(o). Suppose u - c - 21 = 0. What is the units digit of u?
0
Suppose -266 = 4*o - 2*s, -2*s + 128 = o - 3*o. What is the tens digit of 4/8*o/3*-2?
2
Suppose 0 = 17*d - 18*d, -x + 842 = 3*d. What is the hundreds digit of x?
8
Let c(t) = t - 8. Let k(l) = l + 5. Let n be k(5). Let f be c(n). Suppose 2*u = -f*u + 92. What is the tens digit of u?
2
Suppose 2*n = -4*x + 100, 3*n + 2*x - 140 = x. Suppose -2*w = -5*s + n + 120, w = s - 35. What is the tens digit of s?
3
Suppose 2 = l - 0. Suppose -12 = s - l*s. Suppose 5*c - 108 = s. What is the tens digit of c?
2
Let v be 2 + (-8)/(-4) - -62. Suppose -v + 21 = 3*s. What is the units digit of (-284)/(-10) - (-6)/s?
8
Let f(t) = 27*t - 28. What is the units digit of f(12)?
6
Let p(a) be the first derivative of a**4/4 - 5*a**3/3 - 4*a**2 + 7*a + 2. What is the tens digit of p(7)?
4
Let h = 6 - 1. Suppose -2*u - s = 71, -h*u - 2*s - 90 = 89. Let o = 0 - u. What is the tens digit of o?
3
Suppose -2 = -0*j + j, -654 = -2*n + 3*j. What is the tens digit of n?
2
Suppose 3*m = -2*m + 3*y + 14, -6 = -2*m + y. Let b be (-35)/15 - m/(-3). What is the tens digit of 1 + (-21)/b + -1?
2
Suppose -2*d = 4*p - 710, -2*d + 7*p = 8*p - 722. What is the units digit of d?
3
Let b(a) = -3*a - 8. Let m be (-4)/14 + 721/(-49). Let p be b(m). Let l = p - -32. What is the units digit of l?
9
Let d(w) = w**3 - 4*w**2 - 4*w - 7. Let c be d(5). What is the hundreds digit of c/9 + (-5)/(90/(-1894))?
1
Let t(u) = 22*u**2 - 14. Let a(v) = -21*v**2 + v + 13. Let p(y) = -3*a(y) - 2*t(y). What is the hundreds digit of p(4)?
2
Let s = -553 + 877. What is the units digit of s?
4
Suppose -h + 627 = -4*q + 5*q, 1278 = 2*q - 4*h. What is the units digit of q?
1
Let s be (-1*2)/(12/(-78)). Let n(z) = -z**3 + 11*z**2 + 33*z - 17. What is the tens digit of n(s)?
7
What is the tens digit of ((-633)/(-9))/(1/(8 - 5))?
1
Let m(a) = a**2 + 2*a + 16. Let n be m(14). Suppose 0 = -48*b + 49*b - n. What is the tens digit of b?
4
Suppose s + d = 107, d + 314 = 3*s - 3*d. Let x = s + -70. What is the units digit of x?
6
Let h = 158 - -860. What is the tens digit of h?
1
Let m(f) = -f**2 - 11*f - 21. Let r be m(-8). What is the units digit of -4*4/r*-3?
6
Let x be (-650)/30 + 4/6. Let a = 30 - x. Suppose -2*t + a = t. What is the tens digit of t?
1
Suppose 16*b = 39*b - 108307. What is the units digit of b?
9
Suppose 3*v + 2 = -1, 2*m + 3*v = -53. What is the tens digit of -3 - m*(-12)/(-2)?
4
Let f be 13/(26/120) + 0. Suppose 3*u = 2*y - 101, 4*u - 3*y + f + 76 = 0. Let q = u + 34. What is the units digit of q?
3
Let h be (-115)/2*44/(-55). Suppose v = h - 16. What is the tens digit of v?
3
Let p = -400 - -860. What is the hundreds digit of p?
4
Suppose -4 = -3*g + 8. Suppose -2*u = -3*j + g*j - 204, -3*j - 324 = -3*u. What is the hundreds digit of u?
1
Suppose 0 = 2*f + 2*f - 64. Let j = -8 + f. What is the units digit of j?
8
What is the tens digit of 84 + -2 + 0/(9 - 4)?
8
Let u = -21 + 17. Let p be 6*u/(-40)*5. Suppose -3*g + p = -l, -l = -0*l. What is the units digit of g?
1
What is the hundreds digit of 23462/8 + (-10)/(-8)?
9
Let f(n) = n - 1. Let o(z) = -z**3 - 8*z**2 + 5*z + 14. Let p(d) = -6*f(d) - o(d). What is the tens digit of p(-9)?
1
Let a = 199 - 15. Let p = 306 - a. What is the tens digit of p?
2
Suppose 4*g + 85 = -4*o + 245, 0 = -3*o - 2*g + 122. Let q = 96 - o. What is the tens digit of q?
5
Let z = 1747 + -1062. What is the tens digit of z?
8
Suppose -640*k + 1112 = -638*k. What is the units digit of k?
6
Suppose -5*p + 8 = -9*p. Let w be p + -1 + 2 - -17. Suppose -q + w = -30. What is the units digit of q?
6
Suppose -2*v + 477 = -2*n - 5*v, 5*n = 5*v - 1180. Let z = n - -366. What is the hundreds digit of z?
1
Let c(y) = -4*y - 18. Let z be c(-9). Let u = z - 9. Let x(h) = -h**2 + 12*h - 5. What is the units digit of x(u)?
2
Let k = -72 + 94. What is the tens digit of k?
2
Let t = -882 - -1239. What is the tens digit of t?
5
Let y = 3427 + -816. What is the tens digit of y?
1
Let d = 1392 - 839. What is the tens digit of d?
5
Let a(v) = v**3 - 8*v**2 - v - 3. Let g be a(8). What is the tens digit of (-592)/(-10) + (g/5 - -2)?
5
Suppose -2*a - 5*r = -3221, 3*a - 4664 = 5*r + 105. What is the thousands digit of a?
1
Suppose 3*g + g = -4*j, 5*g + j - 16 = 0. Let s be 0 + 14/(-4)*g. What is the units digit of (-114)/4*s/7?
7
Let b = -149 - -163. What is the units digit of (-164)/(-10)*(b - (-1 + 0))?
6
Let w(b) = -65*b + 384. What is the hundreds digit of w(-14)?
2
Let l be -2 + 3 + (0 - 69). Let r be (-3)/2*l/51. Suppose 5*z = 123 + r. What is the units digit of z?
5
Let p(l) = 84*l**2 - 3*l + 1. Suppose 2*u = -c - 9, 3*c + 2 = u - 2*u. What is the units digit of p(c)?
2
Suppose -4*t + 27 = -m + 6*m, 0 = -4*t + 12. Suppose -m*y = -6*y + 171. What is the units digit of y?
7
Let s = 4787 + -2253. What is the units digit of s?
4
What is the hundreds digit of (-805)/(-20)*(5 - -7)?
4
Let u(d) = 11*d - 20. Let p be u(8). Suppose 0 = -3*n + 145 + p. What is the tens digit of n?
7
Suppose -5*s + 3*n + 4493 = 0, -10*n = -4*s - 12*n + 3590. What is the tens digit of s?
9
Let x(y) = 15*y**3 + y**2 + 2*y - 4. What is the units digit of x(3)?
6
Suppose -8*q + 1442 = -10518. What is the units digit of q?
5
Let i(j) be the first derivative of j**3/3 + 3*j**2 + 6*j + 5. What is the units digit of i(-12)?
8
Let c be (-4)/((-16)/12) + 12. Let g = c - 15. What is the tens digit of 0 + g + (42 - 7)?
3
Let g = 2240 - 208. What is the units digit of g?
2
Suppose -3*y - 1 + 67 = 0. Suppose 0 = -2*f + f + y. Let x = f + -1. What is the units digit of x?
1
Let x be (-6)/18 + 20/6. Let h = x - 1. Suppose -3*n + 49 = 5*j, -n - h*j + 9 = -4*j. What is the tens digit of n?
1
Let a(i) = -59*i - 263. What is the tens digit of a(-29)?
4
Let i(j) = 3*j**2 - 16*j - 2. Let z be i(7). Let s = 141 - z. What is the units digit of s?
8
What is the units digit of 2664/185*710/3 + 5?
3
What is the thousands digit of 11682/8 + (-4)/((-192)/36)?
1
Let k be (-1)/((-5)/(3 - -12)). Suppose 6*u - 35 = u. Suppose -w = b, -k*b = -w - u - 5. What is the units digit of b?
3
Let r(k) = 2*k**2 + 9 - 3*k**2 + 10*k**2 - 5*k**2 + 2*k - k**3. What is the tens digit of r(4)?
1
Let r = -6 + 10. Suppose 35 = -k + r*o, 0 = 3*k - 3*o + 91 - 31. What is the units digit of (-5)/k*(-2 - -68)?
2
Suppose 32 = 4*k - 4*d, -5*d = 11 + 14. Let j(y) = 3*y**2 - 2*y - 2. Let l be j(2). What is the tens digit of (36 - 2)*k/l?
1
What is the tens digit of (-18 - (-624)/36)*(-1 + -1067)?
1
Suppose -3*n = y - 622, 4*n - 121*y + 124*y = 826. What is the tens digit of n?
0
What is the thousands digit of (-7 - (-53)/7) + (-111726)/(-63)?
1
Let z(x) = -6 - 13 - 16*x**2 + 18 + x. Let f be z(2). What is the units digit of (-4)/(-6)*f/(-14)?
3
Suppose -2*p + 2*k = -18, 8*p + 5*k - 65 = 3*p. What is the units digit of (p + -8)/(6/32)?
6
Let w(m) = m**3 + m**2 + m + 151. What is the hundreds digit of w(0)?
1
Suppose 4*m - 5*b + 12 + 11 = 0, 0 = 5*b + 25. What is the tens digit of -1*2 - (m - 46)?
5
Let x = 489 + -251. What is the units digit of x?
8
Suppose -16 = 4*d + 4*r, 6*d - d - 5*r + 60 = 0. Let g be d/28 - (-652)/28. Let f = g + -8. What is the units digit of f?
5
What is the tens digit of -1 - -350 - -2*(-33)/(-22)?
5
Let d = 776 + -79. What is the units digit of d?
